{"id":297,"date":"2013-11-07T00:24:00","date_gmt":"2013-11-06T23:24:00","guid":{"rendered":"http:\/\/facescouts.fr\/WordPressOndicap\/?page_id=297"},"modified":"2013-11-17T23:51:18","modified_gmt":"2013-11-17T22:51:18","slug":"le-village","status":"publish","type":"page","link":"https:\/\/facescouts.fr\/WordPressOndicap\/?page_id=297","title":{"rendered":"Le village"},"content":{"rendered":"<p><a href=\"http:\/\/facescouts.fr\/WordPressOndicap\/village\/wooden-sign\/#main\" rel=\"attachment wp-att-33\"><img loading=\"lazy\" decoding=\"async\" class=\"aligncenter size-full wp-image-33\" alt=\"Wooden Sign\" src=\"http:\/\/facescouts.fr\/WordPressOndicap\/wp-content\/uploads\/2013\/09\/Wooden-Sign.jpg\" width=\"700\" height=\"452\" srcset=\"https:\/\/facescouts.fr\/WordPressOndicap\/wp-content\/uploads\/2013\/09\/Wooden-Sign.jpg 700w, https:\/\/facescouts.fr\/WordPressOndicap\/wp-content\/uploads\/2013\/09\/Wooden-Sign-300x193.jpg 300w\" sizes=\"auto, (max-width: 700px) 100vw, 700px\" \/><\/a><\/p>\n<h2><span style=\"color: #808000;\">Le village Handicap<\/span><\/h2>\n<p>Un village \u00ab handicap \u00bb au centre de la ville de Bussy-Saint-Georges, au c\u0153ur de Marne la Vall\u00e9e. Onditcapoupas! avec ses partenaires et les associations locales animeront, de leur savoir faire, les diff\u00e9rents stands du village. Gr\u00e2ce \u00e0 des jeux et des animations, nous vivrons la solidarit\u00e9 pour une soci\u00e9t\u00e9 plus fraternelle et respectueuse de la diff\u00e9rence.<\/p>\n<p>Les associations locales y exposeront leurs savoir faire et leurs projets tout au long de l\u2019apr\u00e8s midi.<\/p>\n<p>Des animations \u00ab handisport \u00bb contribuerons \u00e0 faire vivre et comprendre \u00e0 tous, ce qu\u2019est la vie \u00ab normale \u00bb d\u2019une personne en situation de handicap.<\/p>\n<p>L&rsquo;objectif est de vous sensibiliser et de changer votre regard \u00e0 la fois sur les diff\u00e9rentes probl\u00e9matiques pos\u00e9es par le handicap mais aussi sur les potentialit\u00e9s des personnes qui en sont atteintes.<\/p>\n<p>Venez relever des d\u00e9fis qui peuvent changer pour toujours votre vision du handicap et vous rapprocher de personnes dites \u00ab diff\u00e9rentes \u00bb qui ont beaucoup de richesses ou d\u2019exp\u00e9riences \u00e0 vous apporter et vous faire partager.<\/p>\n<p>Onditcapoupas! Vous en ressortirez grandis de cette exp\u00e9rience avec nous.<\/p>\n<h2><span style=\"color: #808000;\">Les partenaires du village<\/span><\/h2>\n<ul>\n<li>L&rsquo;ADAPT : L\u2019association pour l\u2019insertion sociale et professionnelle des personnes handicap\u00e9es<\/li>\n<li>CAP SAAA : Le droit \u00e0 la diff\u00e9rence contre l&rsquo;indiff\u00e9rence.<\/li>\n<li>MEUPHINE : L&rsquo;association en faveur de l&rsquo;int\u00e9gration des enfants et jeunes handicap\u00e9s en milieu ordinaire<\/li>\n<li>VENT DU LARGE : Enfants ou adultes, les personnes en situation de handicap ont leur place chez les SGDF.<\/li>\n<\/ul>\n<p>&nbsp;<\/p>\n","protected":false},"excerpt":{"rendered":"<p>Le village Handicap Un village \u00ab handicap \u00bb au centre de la ville de Bussy-Saint-Georges, au c\u0153ur de Marne la Vall\u00e9e. Onditcapoupas! avec ses partenaires et les associations locales animeront, de leur savoir faire, les diff\u00e9rents stands du village. Gr\u00e2ce \u00e0 des jeux et des animations, nous vivrons la solidarit\u00e9 pour une soci\u00e9t\u00e9 plus fraternelle [&hellip;]<\/p>\n","protected":false},"author":1,"featured_media":0,"parent":28,"menu_order":0,"comment_status":"closed","ping_status":"open","template":"","meta":{"footnotes":""},"class_list":["post-297","page","type-page","status-publish","hentry"],"_links":{"self":[{"href":"https:\/\/facescouts.fr\/WordPressOndicap\/index.php?rest_route=\/wp\/v2\/pages\/297","targetHints":{"allow":["GET"]}}],"collection":[{"href":"https:\/\/facescouts.fr\/WordPressOndicap\/index.php?rest_route=\/wp\/v2\/pages"}],"about":[{"href":"https:\/\/facescouts.fr\/WordPressOndicap\/index.php?rest_route=\/wp\/v2\/types\/page"}],"author":[{"embeddable":true,"href":"https:\/\/facescouts.fr\/WordPressOndicap\/index.php?rest_route=\/wp\/v2\/users\/1"}],"replies":[{"embeddable":true,"href":"https:\/\/facescouts.fr\/WordPressOndicap\/index.php?rest_route=%2Fwp%2Fv2%2Fcomments&post=297"}],"version-history":[{"count":7,"href":"https:\/\/facescouts.fr\/WordPressOndicap\/index.php?rest_route=\/wp\/v2\/pages\/297\/revisions"}],"predecessor-version":[{"id":317,"href":"https:\/\/facescouts.fr\/WordPressOndicap\/index.php?rest_route=\/wp\/v2\/pages\/297\/revisions\/317"}],"up":[{"embeddable":true,"href":"https:\/\/facescouts.fr\/WordPressOndicap\/index.php?rest_route=\/wp\/v2\/pages\/28"}],"wp:attachment":[{"href":"https:\/\/facescouts.fr\/WordPressOndicap\/index.php?rest_route=%2Fwp%2Fv2%2Fmedia&parent=297"}],"curies":[{"name":"wp","href":"https:\/\/api.w.org\/{rel}","templated":true}]}}