{"id":391,"date":"2013-12-01T14:59:47","date_gmt":"2013-12-01T13:59:47","guid":{"rendered":"http:\/\/facescouts.fr\/WordPressOndicap\/?page_id=391"},"modified":"2013-12-01T14:59:47","modified_gmt":"2013-12-01T13:59:47","slug":"sondages","status":"publish","type":"page","link":"https:\/\/facescouts.fr\/WordPressOndicap\/?page_id=391","title":{"rendered":"Sondages"},"content":{"rendered":"<div id=\"polls-2\" class=\"wp-polls\">\n\t<form id=\"polls_form_2\" class=\"wp-polls-form\" action=\"\/WordPressOndicap\/index.php\" method=\"post\">\n\t\t<p style=\"display: none;\"><input type=\"hidden\" id=\"poll_2_nonce\" name=\"wp-polls-nonce\" value=\"b055aa040b\" \/><\/p>\n\t\t<p style=\"display: none;\"><input type=\"hidden\" name=\"poll_id\" value=\"2\" \/><\/p>\n\t\t<p style=\"text-align: center;\"><strong>Avez-vous d\u00e9ja \u00e9t\u00e9 confront\u00e9 au handicap ?<\/strong><\/p><div id=\"polls-2-ans\" class=\"wp-polls-ans\"><ul class=\"wp-polls-ul\">\n\t\t<li><input type=\"radio\" id=\"poll-answer-6\" name=\"poll_2\" value=\"6\" \/> <label for=\"poll-answer-6\">Dans votre entourage proche (famille, amis, ..)<\/label><\/li>\n\t\t<li><input type=\"radio\" id=\"poll-answer-7\" name=\"poll_2\" value=\"7\" \/> <label for=\"poll-answer-7\">Dans votre quartier (voisins)<\/label><\/li>\n\t\t<li><input type=\"radio\" id=\"poll-answer-8\" name=\"poll_2\" value=\"8\" \/> <label for=\"poll-answer-8\">A votre travail ou \u00e9cole<\/label><\/li>\n\t\t<li><input type=\"radio\" id=\"poll-answer-9\" name=\"poll_2\" value=\"9\" \/> <label for=\"poll-answer-9\">Vous m\u00eame<\/label><\/li>\n\t\t<li><input type=\"radio\" id=\"poll-answer-10\" name=\"poll_2\" value=\"10\" \/> <label for=\"poll-answer-10\">Non<\/label><\/li>\n\t\t<\/ul><p style=\"text-align: center;\"><input type=\"button\" name=\"vote\" value=\"   Vote   \" class=\"Buttons\" onclick=\"poll_vote(2);\" \/><\/p><p style=\"text-align: center;\"><a href=\"#ViewPollResults\" onclick=\"poll_result(2); return false;\" title=\"View Results Of This Poll\">View Results<\/a><\/p><\/div>\n\t<\/form>\n<\/div>\n<div id=\"polls-2-loading\" class=\"wp-polls-loading\"><img loading=\"lazy\" decoding=\"async\" src=\"https:\/\/facescouts.fr\/WordPressOndicap\/wp-content\/plugins\/wp-polls\/images\/loading.gif\" width=\"16\" height=\"16\" alt=\"Chargement ...\" title=\"Chargement ...\" class=\"wp-polls-image\" \/>&nbsp;Chargement ...<\/div>\n\n<p style=\"text-align: center;\">==========<\/p>\n<div id=\"polls-3\" class=\"wp-polls\">\n\t<form id=\"polls_form_3\" class=\"wp-polls-form\" action=\"\/WordPressOndicap\/index.php\" method=\"post\">\n\t\t<p style=\"display: none;\"><input type=\"hidden\" id=\"poll_3_nonce\" name=\"wp-polls-nonce\" value=\"880d2d827b\" \/><\/p>\n\t\t<p style=\"display: none;\"><input type=\"hidden\" name=\"poll_id\" value=\"3\" \/><\/p>\n\t\t<p style=\"text-align: center;\"><strong>Viendrez-vous \u00e0 Onditcapoupas! ?<\/strong><\/p><div id=\"polls-3-ans\" class=\"wp-polls-ans\"><ul class=\"wp-polls-ul\">\n\t\t<li><input type=\"radio\" id=\"poll-answer-11\" name=\"poll_3\" value=\"11\" \/> <label for=\"poll-answer-11\">Oui<\/label><\/li>\n\t\t<li><input type=\"radio\" id=\"poll-answer-12\" name=\"poll_3\" value=\"12\" \/> <label for=\"poll-answer-12\">Non<\/label><\/li>\n\t\t<\/ul><p style=\"text-align: center;\"><input type=\"button\" name=\"vote\" value=\"   Vote   \" class=\"Buttons\" onclick=\"poll_vote(3);\" \/><\/p><p style=\"text-align: center;\"><a href=\"#ViewPollResults\" onclick=\"poll_result(3); return false;\" title=\"View Results Of This Poll\">View Results<\/a><\/p><\/div>\n\t<\/form>\n<\/div>\n<div id=\"polls-3-loading\" class=\"wp-polls-loading\"><img loading=\"lazy\" decoding=\"async\" src=\"https:\/\/facescouts.fr\/WordPressOndicap\/wp-content\/plugins\/wp-polls\/images\/loading.gif\" width=\"16\" height=\"16\" alt=\"Chargement ...\" title=\"Chargement ...\" class=\"wp-polls-image\" \/>&nbsp;Chargement ...<\/div>\n\n<p style=\"text-align: center;\">==========<\/p>\n<div id=\"polls-4\" class=\"wp-polls\">\n\t<form id=\"polls_form_4\" class=\"wp-polls-form\" action=\"\/WordPressOndicap\/index.php\" method=\"post\">\n\t\t<p style=\"display: none;\"><input type=\"hidden\" id=\"poll_4_nonce\" name=\"wp-polls-nonce\" value=\"a502cb6571\" \/><\/p>\n\t\t<p style=\"display: none;\"><input type=\"hidden\" name=\"poll_id\" value=\"4\" \/><\/p>\n\t\t<p style=\"text-align: center;\"><strong>Avez-vous d\u00e9ja aid\u00e9 unepersonne handicap\u00e9e en difficult\u00e9 ?<\/strong><\/p><div id=\"polls-4-ans\" class=\"wp-polls-ans\"><ul class=\"wp-polls-ul\">\n\t\t<li><input type=\"radio\" id=\"poll-answer-13\" name=\"poll_4\" value=\"13\" \/> <label for=\"poll-answer-13\">Souvent<\/label><\/li>\n\t\t<li><input type=\"radio\" id=\"poll-answer-14\" name=\"poll_4\" value=\"14\" \/> <label for=\"poll-answer-14\">Parfois<\/label><\/li>\n\t\t<li><input type=\"radio\" id=\"poll-answer-15\" name=\"poll_4\" value=\"15\" \/> <label for=\"poll-answer-15\">Rarement<\/label><\/li>\n\t\t<li><input type=\"radio\" id=\"poll-answer-16\" name=\"poll_4\" value=\"16\" \/> <label for=\"poll-answer-16\">Jamais<\/label><\/li>\n\t\t<\/ul><p style=\"text-align: center;\"><input type=\"button\" name=\"vote\" value=\"   Vote   \" class=\"Buttons\" onclick=\"poll_vote(4);\" \/><\/p><p style=\"text-align: center;\"><a href=\"#ViewPollResults\" onclick=\"poll_result(4); return false;\" title=\"View Results Of This Poll\">View Results<\/a><\/p><\/div>\n\t<\/form>\n<\/div>\n<div id=\"polls-4-loading\" class=\"wp-polls-loading\"><img loading=\"lazy\" decoding=\"async\" src=\"https:\/\/facescouts.fr\/WordPressOndicap\/wp-content\/plugins\/wp-polls\/images\/loading.gif\" width=\"16\" height=\"16\" alt=\"Chargement ...\" title=\"Chargement ...\" class=\"wp-polls-image\" \/>&nbsp;Chargement ...<\/div>\n\n<p style=\"text-align: center;\">==========<\/p>\n<div id=\"polls-5\" class=\"wp-polls\">\n\t<form id=\"polls_form_5\" class=\"wp-polls-form\" action=\"\/WordPressOndicap\/index.php\" method=\"post\">\n\t\t<p style=\"display: none;\"><input type=\"hidden\" id=\"poll_5_nonce\" name=\"wp-polls-nonce\" value=\"ee5840228a\" \/><\/p>\n\t\t<p style=\"display: none;\"><input type=\"hidden\" name=\"poll_id\" value=\"5\" \/><\/p>\n\t\t<p style=\"text-align: center;\"><strong>Etes-vous investi dans l'int\u00e9gration des personnes handicap\u00e9s ?<\/strong><\/p><div id=\"polls-5-ans\" class=\"wp-polls-ans\"><ul class=\"wp-polls-ul\">\n\t\t<li><input type=\"radio\" id=\"poll-answer-17\" name=\"poll_5\" value=\"17\" \/> <label for=\"poll-answer-17\">Oui<\/label><\/li>\n\t\t<li><input type=\"radio\" id=\"poll-answer-18\" name=\"poll_5\" value=\"18\" \/> <label for=\"poll-answer-18\">Non<\/label><\/li>\n\t\t<\/ul><p style=\"text-align: center;\"><input type=\"button\" name=\"vote\" value=\"   Vote   \" class=\"Buttons\" onclick=\"poll_vote(5);\" \/><\/p><p style=\"text-align: center;\"><a href=\"#ViewPollResults\" onclick=\"poll_result(5); return false;\" title=\"View Results Of This Poll\">View Results<\/a><\/p><\/div>\n\t<\/form>\n<\/div>\n<div id=\"polls-5-loading\" class=\"wp-polls-loading\"><img loading=\"lazy\" decoding=\"async\" src=\"https:\/\/facescouts.fr\/WordPressOndicap\/wp-content\/plugins\/wp-polls\/images\/loading.gif\" width=\"16\" height=\"16\" alt=\"Chargement ...\" title=\"Chargement ...\" class=\"wp-polls-image\" \/>&nbsp;Chargement ...<\/div>\n\n<p style=\"text-align: center;\">==========<\/p>\n<div id=\"polls-6\" class=\"wp-polls\">\n\t<form id=\"polls_form_6\" class=\"wp-polls-form\" action=\"\/WordPressOndicap\/index.php\" method=\"post\">\n\t\t<p style=\"display: none;\"><input type=\"hidden\" id=\"poll_6_nonce\" name=\"wp-polls-nonce\" value=\"d66ee54ef2\" \/><\/p>\n\t\t<p style=\"display: none;\"><input type=\"hidden\" name=\"poll_id\" value=\"6\" \/><\/p>\n\t\t<p style=\"text-align: center;\"><strong>Avez-vous d\u00e9ja particip\u00e9 \u00e0 un \u00e9v\u00e8nement avec des personnes handicap\u00e9s ?<\/strong><\/p><div id=\"polls-6-ans\" class=\"wp-polls-ans\"><ul class=\"wp-polls-ul\">\n\t\t<li><input type=\"radio\" id=\"poll-answer-19\" name=\"poll_6\" value=\"19\" \/> <label for=\"poll-answer-19\">Oui<\/label><\/li>\n\t\t<li><input type=\"radio\" id=\"poll-answer-20\" name=\"poll_6\" value=\"20\" \/> <label for=\"poll-answer-20\">Non<\/label><\/li>\n\t\t<\/ul><p style=\"text-align: center;\"><input type=\"button\" name=\"vote\" value=\"   Vote   \" class=\"Buttons\" onclick=\"poll_vote(6);\" \/><\/p><p style=\"text-align: center;\"><a href=\"#ViewPollResults\" onclick=\"poll_result(6); return false;\" title=\"View Results Of This Poll\">View Results<\/a><\/p><\/div>\n\t<\/form>\n<\/div>\n<div id=\"polls-6-loading\" class=\"wp-polls-loading\"><img loading=\"lazy\" decoding=\"async\" src=\"https:\/\/facescouts.fr\/WordPressOndicap\/wp-content\/plugins\/wp-polls\/images\/loading.gif\" width=\"16\" height=\"16\" alt=\"Chargement ...\" title=\"Chargement ...\" class=\"wp-polls-image\" \/>&nbsp;Chargement ...<\/div>\n\n<p style=\"text-align: center;\">==========<\/p>\n<div id=\"polls-7\" class=\"wp-polls\">\n\t<form id=\"polls_form_7\" class=\"wp-polls-form\" action=\"\/WordPressOndicap\/index.php\" method=\"post\">\n\t\t<p style=\"display: none;\"><input type=\"hidden\" id=\"poll_7_nonce\" name=\"wp-polls-nonce\" value=\"6a3f7b1f4a\" \/><\/p>\n\t\t<p style=\"display: none;\"><input type=\"hidden\" name=\"poll_id\" value=\"7\" \/><\/p>\n\t\t<p style=\"text-align: center;\"><strong>Vous-\u00eates vous d\u00e9ja gar\u00e9 sur une place de parking \"Handicap\u00e9\" ?<\/strong><\/p><div id=\"polls-7-ans\" class=\"wp-polls-ans\"><ul class=\"wp-polls-ul\">\n\t\t<li><input type=\"radio\" id=\"poll-answer-21\" name=\"poll_7\" value=\"21\" \/> <label for=\"poll-answer-21\">Oui<\/label><\/li>\n\t\t<li><input type=\"radio\" id=\"poll-answer-22\" name=\"poll_7\" value=\"22\" \/> <label for=\"poll-answer-22\">Non<\/label><\/li>\n\t\t<\/ul><p style=\"text-align: center;\"><input type=\"button\" name=\"vote\" value=\"   Vote   \" class=\"Buttons\" onclick=\"poll_vote(7);\" \/><\/p><p style=\"text-align: center;\"><a href=\"#ViewPollResults\" onclick=\"poll_result(7); return false;\" title=\"View Results Of This Poll\">View Results<\/a><\/p><\/div>\n\t<\/form>\n<\/div>\n<div id=\"polls-7-loading\" class=\"wp-polls-loading\"><img loading=\"lazy\" decoding=\"async\" src=\"https:\/\/facescouts.fr\/WordPressOndicap\/wp-content\/plugins\/wp-polls\/images\/loading.gif\" width=\"16\" height=\"16\" alt=\"Chargement ...\" title=\"Chargement ...\" class=\"wp-polls-image\" \/>&nbsp;Chargement ...<\/div>\n\n<p style=\"text-align: center;\">==========<\/p>\n<div id=\"polls-8\" class=\"wp-polls\">\n\t<form id=\"polls_form_8\" class=\"wp-polls-form\" action=\"\/WordPressOndicap\/index.php\" method=\"post\">\n\t\t<p style=\"display: none;\"><input type=\"hidden\" id=\"poll_8_nonce\" name=\"wp-polls-nonce\" value=\"3b9e88684e\" \/><\/p>\n\t\t<p style=\"display: none;\"><input type=\"hidden\" name=\"poll_id\" value=\"8\" \/><\/p>\n\t\t<p style=\"text-align: center;\"><strong>Pensez-vous que les personnes handicap\u00e9es on les m\u00eame droits que les personnes valides ?<\/strong><\/p><div id=\"polls-8-ans\" class=\"wp-polls-ans\"><ul class=\"wp-polls-ul\">\n\t\t<li><input type=\"radio\" id=\"poll-answer-23\" name=\"poll_8\" value=\"23\" \/> <label for=\"poll-answer-23\">Oui<\/label><\/li>\n\t\t<li><input type=\"radio\" id=\"poll-answer-24\" name=\"poll_8\" value=\"24\" \/> <label for=\"poll-answer-24\">Non, moins de droits<\/label><\/li>\n\t\t<li><input type=\"radio\" id=\"poll-answer-25\" name=\"poll_8\" value=\"25\" \/> <label for=\"poll-answer-25\">Non, \u00e7a d\u00e9pend du type de handicap<\/label><\/li>\n\t\t<li><input type=\"radio\" id=\"poll-answer-26\" name=\"poll_8\" value=\"26\" \/> <label for=\"poll-answer-26\">Non, plus de droits<\/label><\/li>\n\t\t<\/ul><p style=\"text-align: center;\"><input type=\"button\" name=\"vote\" value=\"   Vote   \" class=\"Buttons\" onclick=\"poll_vote(8);\" \/><\/p><p style=\"text-align: center;\"><a href=\"#ViewPollResults\" onclick=\"poll_result(8); return false;\" title=\"View Results Of This Poll\">View Results<\/a><\/p><\/div>\n\t<\/form>\n<\/div>\n<div id=\"polls-8-loading\" class=\"wp-polls-loading\"><img loading=\"lazy\" decoding=\"async\" src=\"https:\/\/facescouts.fr\/WordPressOndicap\/wp-content\/plugins\/wp-polls\/images\/loading.gif\" width=\"16\" height=\"16\" alt=\"Chargement ...\" title=\"Chargement ...\" class=\"wp-polls-image\" \/>&nbsp;Chargement ...<\/div>\n\n<p style=\"text-align: center;\">==========<\/p>\n<div id=\"polls-9\" class=\"wp-polls\">\n\t<form id=\"polls_form_9\" class=\"wp-polls-form\" action=\"\/WordPressOndicap\/index.php\" method=\"post\">\n\t\t<p style=\"display: none;\"><input type=\"hidden\" id=\"poll_9_nonce\" name=\"wp-polls-nonce\" value=\"3a7b879ae9\" \/><\/p>\n\t\t<p style=\"display: none;\"><input type=\"hidden\" name=\"poll_id\" value=\"9\" \/><\/p>\n\t\t<p style=\"text-align: center;\"><strong>Pensez-vous que votre ville est accessible pour les personnes handicap\u00e9es ?<\/strong><\/p><div id=\"polls-9-ans\" class=\"wp-polls-ans\"><ul class=\"wp-polls-ul\">\n\t\t<li><input type=\"radio\" id=\"poll-answer-28\" name=\"poll_9\" value=\"28\" \/> <label for=\"poll-answer-28\">Oui<\/label><\/li>\n\t\t<li><input type=\"radio\" id=\"poll-answer-29\" name=\"poll_9\" value=\"29\" \/> <label for=\"poll-answer-29\">Non<\/label><\/li>\n\t\t<\/ul><p style=\"text-align: center;\"><input type=\"button\" name=\"vote\" value=\"   Vote   \" class=\"Buttons\" onclick=\"poll_vote(9);\" \/><\/p><p style=\"text-align: center;\"><a href=\"#ViewPollResults\" onclick=\"poll_result(9); return false;\" title=\"View Results Of This Poll\">View Results<\/a><\/p><\/div>\n\t<\/form>\n<\/div>\n<div id=\"polls-9-loading\" class=\"wp-polls-loading\"><img loading=\"lazy\" decoding=\"async\" src=\"https:\/\/facescouts.fr\/WordPressOndicap\/wp-content\/plugins\/wp-polls\/images\/loading.gif\" width=\"16\" height=\"16\" alt=\"Chargement ...\" title=\"Chargement ...\" class=\"wp-polls-image\" \/>&nbsp;Chargement ...<\/div>\n\n<p style=\"text-align: center;\">==========<\/p>\n<div id=\"polls-10\" class=\"wp-polls\">\n\t<form id=\"polls_form_10\" class=\"wp-polls-form\" action=\"\/WordPressOndicap\/index.php\" method=\"post\">\n\t\t<p style=\"display: none;\"><input type=\"hidden\" id=\"poll_10_nonce\" name=\"wp-polls-nonce\" value=\"9cbbef37fb\" \/><\/p>\n\t\t<p style=\"display: none;\"><input type=\"hidden\" name=\"poll_id\" value=\"10\" \/><\/p>\n\t\t<p style=\"text-align: center;\"><strong>Avez-vous d\u00e9ja \u00e9t\u00e9 t\u00e9moin d'une difficult\u00e9 d'acc\u00e8s d'une personne handicap\u00e9 ?<\/strong><\/p><div id=\"polls-10-ans\" class=\"wp-polls-ans\"><ul class=\"wp-polls-ul\">\n\t\t<li><input type=\"radio\" id=\"poll-answer-30\" name=\"poll_10\" value=\"30\" \/> <label for=\"poll-answer-30\">Souvent<\/label><\/li>\n\t\t<li><input type=\"radio\" id=\"poll-answer-31\" name=\"poll_10\" value=\"31\" \/> <label for=\"poll-answer-31\">Parfois<\/label><\/li>\n\t\t<li><input type=\"radio\" id=\"poll-answer-32\" name=\"poll_10\" value=\"32\" \/> <label for=\"poll-answer-32\">Rarement<\/label><\/li>\n\t\t<li><input type=\"radio\" id=\"poll-answer-33\" name=\"poll_10\" value=\"33\" \/> <label for=\"poll-answer-33\">Jamais<\/label><\/li>\n\t\t<\/ul><p style=\"text-align: center;\"><input type=\"button\" name=\"vote\" value=\"   Vote   \" class=\"Buttons\" onclick=\"poll_vote(10);\" \/><\/p><p style=\"text-align: center;\"><a href=\"#ViewPollResults\" onclick=\"poll_result(10); return false;\" title=\"View Results Of This Poll\">View Results<\/a><\/p><\/div>\n\t<\/form>\n<\/div>\n<div id=\"polls-10-loading\" class=\"wp-polls-loading\"><img loading=\"lazy\" decoding=\"async\" src=\"https:\/\/facescouts.fr\/WordPressOndicap\/wp-content\/plugins\/wp-polls\/images\/loading.gif\" width=\"16\" height=\"16\" alt=\"Chargement ...\" title=\"Chargement ...\" class=\"wp-polls-image\" \/>&nbsp;Chargement ...<\/div>\n\n<p style=\"text-align: center;\">==========<\/p>\n<div id=\"polls-11\" class=\"wp-polls\">\n\t<form id=\"polls_form_11\" class=\"wp-polls-form\" action=\"\/WordPressOndicap\/index.php\" method=\"post\">\n\t\t<p style=\"display: none;\"><input type=\"hidden\" id=\"poll_11_nonce\" name=\"wp-polls-nonce\" value=\"3bee43dd6f\" \/><\/p>\n\t\t<p style=\"display: none;\"><input type=\"hidden\" name=\"poll_id\" value=\"11\" \/><\/p>\n\t\t<p style=\"text-align: center;\"><strong>Est-il important que les personnes handicap\u00e9es acc\u00e8dent au monde du travail ?<\/strong><\/p><div id=\"polls-11-ans\" class=\"wp-polls-ans\"><ul class=\"wp-polls-ul\">\n\t\t<li><input type=\"radio\" id=\"poll-answer-34\" name=\"poll_11\" value=\"34\" \/> <label for=\"poll-answer-34\">Oui<\/label><\/li>\n\t\t<li><input type=\"radio\" id=\"poll-answer-35\" name=\"poll_11\" value=\"35\" \/> <label for=\"poll-answer-35\">Non<\/label><\/li>\n\t\t<\/ul><p style=\"text-align: center;\"><input type=\"button\" name=\"vote\" value=\"   Vote   \" class=\"Buttons\" onclick=\"poll_vote(11);\" \/><\/p><p style=\"text-align: center;\"><a href=\"#ViewPollResults\" onclick=\"poll_result(11); return false;\" title=\"View Results Of This Poll\">View Results<\/a><\/p><\/div>\n\t<\/form>\n<\/div>\n<div id=\"polls-11-loading\" class=\"wp-polls-loading\"><img loading=\"lazy\" decoding=\"async\" src=\"https:\/\/facescouts.fr\/WordPressOndicap\/wp-content\/plugins\/wp-polls\/images\/loading.gif\" width=\"16\" height=\"16\" alt=\"Chargement ...\" title=\"Chargement ...\" class=\"wp-polls-image\" \/>&nbsp;Chargement ...<\/div>\n\n<p>&nbsp;<\/p>\n","protected":false},"excerpt":{"rendered":"<p>========== ========== ========== ========== ========== ========== ========== ========== ========== &nbsp;<\/p>\n","protected":false},"author":1,"featured_media":0,"parent":0,"menu_order":6,"comment_status":"closed","ping_status":"open","template":"","meta":{"footnotes":""},"class_list":["post-391","page","type-page","status-publish","hentry"],"_links":{"self":[{"href":"https:\/\/facescouts.fr\/WordPressOndicap\/index.php?rest_route=\/wp\/v2\/pages\/391","targetHints":{"allow":["GET"]}}],"collection":[{"href":"https:\/\/facescouts.fr\/WordPressOndicap\/index.php?rest_route=\/wp\/v2\/pages"}],"about":[{"href":"https:\/\/facescouts.fr\/WordPressOndicap\/index.php?rest_route=\/wp\/v2\/types\/page"}],"author":[{"embeddable":true,"href":"https:\/\/facescouts.fr\/WordPressOndicap\/index.php?rest_route=\/wp\/v2\/users\/1"}],"replies":[{"embeddable":true,"href":"https:\/\/facescouts.fr\/WordPressOndicap\/index.php?rest_route=%2Fwp%2Fv2%2Fcomments&post=391"}],"version-history":[{"count":10,"href":"https:\/\/facescouts.fr\/WordPressOndicap\/index.php?rest_route=\/wp\/v2\/pages\/391\/revisions"}],"predecessor-version":[{"id":401,"href":"https:\/\/facescouts.fr\/WordPressOndicap\/index.php?rest_route=\/wp\/v2\/pages\/391\/revisions\/401"}],"wp:attachment":[{"href":"https:\/\/facescouts.fr\/WordPressOndicap\/index.php?rest_route=%2Fwp%2Fv2%2Fmedia&parent=391"}],"curies":[{"name":"wp","href":"https:\/\/api.w.org\/{rel}","templated":true}]}}