{"id":525,"date":"2013-12-20T19:32:36","date_gmt":"2013-12-20T18:32:36","guid":{"rendered":"http:\/\/facescouts.fr\/WordPressOndicap\/?page_id=525"},"modified":"2013-12-20T19:32:36","modified_gmt":"2013-12-20T18:32:36","slug":"lequipe-securite","status":"publish","type":"page","link":"https:\/\/facescouts.fr\/WordPressOndicap\/?page_id=525","title":{"rendered":"L&rsquo;\u00e9quipe s\u00e9curit\u00e9"},"content":{"rendered":"<p><iframe loading=\"lazy\" width=\"960\" height=\"540\" src=\"https:\/\/www.youtube.com\/embed\/fGeHJA0LpW4?feature=oembed\" frameborder=\"0\" allowfullscreen><\/iframe><\/p>\n<p>Merci \u00e0 tous les b\u00e9n\u00e9voles qui ont \u0153uvr\u00e9 pour le bien de tous.<\/p>\n","protected":false},"excerpt":{"rendered":"<p>Merci \u00e0 tous les b\u00e9n\u00e9voles qui ont \u0153uvr\u00e9 pour le bien de tous.<\/p>\n","protected":false},"author":1,"featured_media":0,"parent":424,"menu_order":2,"comment_status":"closed","ping_status":"open","template":"","meta":{"footnotes":""},"class_list":["post-525","page","type-page","status-publish","hentry"],"_links":{"self":[{"href":"https:\/\/facescouts.fr\/WordPressOndicap\/index.php?rest_route=\/wp\/v2\/pages\/525","targetHints":{"allow":["GET"]}}],"collection":[{"href":"https:\/\/facescouts.fr\/WordPressOndicap\/index.php?rest_route=\/wp\/v2\/pages"}],"about":[{"href":"https:\/\/facescouts.fr\/WordPressOndicap\/index.php?rest_route=\/wp\/v2\/types\/page"}],"author":[{"embeddable":true,"href":"https:\/\/facescouts.fr\/WordPressOndicap\/index.php?rest_route=\/wp\/v2\/users\/1"}],"replies":[{"embeddable":true,"href":"https:\/\/facescouts.fr\/WordPressOndicap\/index.php?rest_route=%2Fwp%2Fv2%2Fcomments&post=525"}],"version-history":[{"count":5,"href":"https:\/\/facescouts.fr\/WordPressOndicap\/index.php?rest_route=\/wp\/v2\/pages\/525\/revisions"}],"predecessor-version":[{"id":546,"href":"https:\/\/facescouts.fr\/WordPressOndicap\/index.php?rest_route=\/wp\/v2\/pages\/525\/revisions\/546"}],"up":[{"embeddable":true,"href":"https:\/\/facescouts.fr\/WordPressOndicap\/index.php?rest_route=\/wp\/v2\/pages\/424"}],"wp:attachment":[{"href":"https:\/\/facescouts.fr\/WordPressOndicap\/index.php?rest_route=%2Fwp%2Fv2%2Fmedia&parent=525"}],"curies":[{"name":"wp","href":"https:\/\/api.w.org\/{rel}","templated":true}]}}